.
6
Evaluate 27 - -1 - 62 - -8.
-26
What is (-3 - (0 + 11) - (-35 - -27)) + 22?
16
-10 + 20 + -37 + 4
-23
What is -1 + 3 + (471 - 481) + (0 - 10)?
-18
Evaluate -35 + 19 + -2 + 17.
-1
Calculate (-1 - -3) + 3 - (8 - (25 + -10)).
12
5 - -1 - (19 + -52 + 37)
2
What is the value of 23 - (16 - (-10 - -15)) - 3?
9
Calculate (11 - 26 - -17) + -13.
-11
Calculate 8 + 1 - (-9 - -25).
-7
Calculate 7 - (1 + (-4 - -1)).
9
What is the value of -5 - (-11 - -5 - 0)?
1
-10 + (-5 + 18 - -6)
9
1 - -6 - (7 + (-20 - -1) + 41)
-22
What is 19 + -24 + -3 + 11?
3
Calculate (12 + -15 - (-5 + 1)) + -7.
-6
Evaluate (-14 + 19 + -7 - -5) + 6.
9
What is -20 + 28 + -7 - (13 + 0)?
-12
Evaluate 2 + (9 - (-5 + 12)) + (2 - 1).
5
Evaluate -4 - -5 - (55 - 44).
-10
-11 + 4 + -1 + -6 + 47 + 6
39
Calculate -14 + 10 + -10 - -15.
1
Evaluate (2 - -9) + (112 - 113) + 10.
20
(-1 - 2 - 10) + -1
-14
Calculate 2 - -16 - (-11 - (-48 - -27)).
8
Calculate 4 + 11 + (0 - -2) + -15.
2
Evaluate -12 + (-7 - (5 + 2)) + 40.
14
(-6 + 0 - -1) + 8 - (-1 - -26)
-22
Calculate -4 - (-24 + -2 + 8 + 4 + 1).
9
(19 - 4) + -6 + 6 + -39
-24
-13 + (-11 - (-2 + 1 - (0 + -1)))
-24
Calculate 5 + (-55 - -55) + -7 + 0.
-2
Calculate 1 - -8 - (-5 + 5 - 4).
13
Calculate -32 + 46 - (-6 + -1 - (-31 - -28)).
18
Evaluate (6 - (-14 - (-10 + 0))) + -23.
-13
What is the value of (-10 - (6 - 14)) + 12 + -2 - -3?
11
What is -22 - 2 - -18 - -24?
18
What is -56 - (-6 + (30 - 56))?
-24
What is the value of (-27 - -73 - 28) + (-2 - 12)?
4
-4 - 10 - (-31 - -32)
-15
Calculate 283 + -317 - (0 + -5).
-29
What is the value of (-29 - (-26 - -5)) + -19?
-27
-5 + (-17 + 19 - -19)
16
Evaluate 9 - (14 + (19 - 31)).
7
What is 148 + -148 - (0 - -2)?
-2
18 - (12 - (-14 + 32) - -18)
6
Calculate -13 - -15 - 7 - -13.
8
What is the value of (883 - 876) + (1 - 8)?
0
3 - (11 + -4) - (-23 + 28)
-9
Evaluate -2 - -8 - (-1 - 5 - (6 - 10)).
8
-1 + 9 + (-18 - -26 - 23)
-7
Calculate 1 + (-20 - (11 + -2 + -10)).
-18
What is -73 + 111 - ((5 - 4) + 2 + 1)?
34
What is the value of (0 - 9) + (24 - (-19 + 36)) - 1?
-3
(-10 - -33) + -18 - (28 - 6)
-17
What is 20 - (11 - 20 - (-7 - 1))?
21
Calculate (3 - 0) + 3 + 82 + -62.
26
10 + (4 - (2 + -4))
16
3 - (5 + 0 + -8 - 0)
6
(-1 + 4 - -1) + -1 - -9
12
Evaluate -29 - (-25 + -14 + 15 + 10).
-15
Evaluate -5 + (-4 - (-4 + -2 - -7)).
-10
What is -19 + 20 + 18 + -3?
16
What is the value of 2 + 2 + (12 - (-1 + -2 - -9))?
10
Calculate -17 + -2 - (0 + 7 + -139 + 123).
-10
-7 + 0 + (1 - 0) + (5199 - 5203)
-10
What is the value of (33 + -61 - (-2 - -4)) + 12?
-18
Evaluate -9 - 1 - 0 - (-299 - -302).
-13
Evaluate (-12 + 12 - -14) + -22.
-8
What is the value of 5 + (0 - -1) - (7 - (6 - 13))?
-8
What is the value of -28 + 10 + 24 + 7?
13
Calculate (-9 - -1) + 27 + (19 - 34).
4
Calculate 4 - 5 - (16 + -28).
11
Evaluate -3 + (2 - (3 + -6)) - (-15 - -20).
-3
What is 20 + -8 - (9 - 3 - -35)?
-29
Evaluate 4 + (4 - 20) + -2.
-14
Evaluate -47 - -18 - -17 - (0 - 26).
14
Calculate -17 - (-13 - (-8 - 4 - -9)).
-7
What is 9 + (-9 - (10 - (-10 - -35)))?
15
Evaluate 6 + -9 - (1 + (0 - 4)) - 1.
-1
What is -8 - (7 + (-5 + -4 + 1 - 0))?
-7
Evaluate (28 - 31 - -11) + 24.
32
(-13 - -21) + -8 + (-2 - -5)
3
Evaluate 6 - 0 - 2 - (-3 - -11).
-4
4 + -3 + 3 + -16 - (-5 + 3)
-10
Evaluate 12 - (2 + (-7 - -3) + (4 - 4)).
14
What is -7 - 1 - (-4 + 9 + -33 + 8)?
12
Calculate 12 + (-14 - (2 + -2)).
-2
3 - -5 - (-23 + 43)
-12
Evaluate (1 - -3) + 22 + -36.
-10
What is the value of 8 + -1 + 6 + -10 - (-2 - -14)?
-9
What is the value of -20 + -28 + 13 + 37 + (-2 - -29)?
29
What is (1 - -3) + 3 + 37 + (-32 - -2)?
14
Evaluate (14 - 6 - (-3 - -9)) + 7 - 0.
9
Calculate 4 - 4 - (-23 - (2 - 0 - 7)).
18
Evaluate 14 - (9 - 5 - 14) - 8.
16
Evaluate 82 - 94 - (2 - 2 - -2).
-14
Evaluate 8 - (0 + 1) - (18 - 29).
18
Evaluate -42 + 4 + 32 - -26.
20
What is -5 + 16 - 3 - (-15 + 0 + 9)?
14
-14 + -3 + 29 + -3 + 14
23
Calculate (10 - (37 - (5 + 16))) + (1 - 1).
-6
13 + (22 - (4 - -9)) + -13
9
Calculate -4 - (6 + 3 + -6) - (3 + -2).
-8
(-31 + 28 - ((1 - 3) + -10)) + -6
3
(-25 - -12) + 2 + -19
-30
Evaluate -15 - (2 - (-2 + 17)).
-2
-1 - (32 - (-7 - -28))
-12
What is the value of 895 - 840 - (-3 - (1 + -23))?
36
Calculate 12 + (-10 - 3) + 6 - 11.
-6
Evaluate 1 - ((26 - 15) + 34 + -14).
-30
10 - (16 - (4 + 5)) - 7
-4
What is the value of (-2 + -7 - 7) + 2 + -22?
-36
What is -1 + 4 + -1 - ((-21 - -12) + 21)?
-10
What is the value of -6 - (-3 + (8 - 14) + 9 + -2)?
-4
8 - (18 - (14 - -4))
8
32 - (8 - (-42 + 38))
20
Calculate -3 + -4 - (-11 - -23 - 4).
-15
Evaluate (7 - 2) + 16 + -1 + -98 + 98.
20
Calculate 2 + (31 - 24) + (4 - -1).
14
Evaluate (1 - 2) + -14 + (17 - -2) - 1.
3
Calculate 3 - (-2 + 2 - 2) - (-9 + 19).
-5
(-35 - -39) + (-13 - 5)
-14
Calculate 4 + -4 - ((6 - 13) + 0 + -11).
18
Calculate -71 - -69 - (-25 - (-2 + -1)).
20
Calculate 24 + -17 + 4 + -12.
-1
What is the value of 9 + -12 + (3 - (3 + -4))?
1
-17 - (-38 + 3) - 3
15
(-24 - -24) + 0 + -5 + 2 + 14
11
Evaluate 6 + 1 + (-12 - 0) + 9 + -10.
-6
Calculate (-16 - -14) + 13 - 13.
-2
1 + 2 + 4 + -1 + (26 - 34)
-2
What is the value of (26 - (-34 - -10)) + -29?
21
What is 2 + (-9 - -2) + 7 + -13?
-11
What is -2 + 27 + -9 + 5 + -15 + 20?
26
Evaluate (-7 - -7) + 24 - 23.
1
Calculate -155 + 149 - (-9 + 28).
-25
31 - 5 - (208 - 181)
-1
33 + (32 - 66) + 0
-1
What is -5 + -1 + -1 - (-5 - (86 + -56))?
28
(-5 - 4) + 0 + 4 + 1 + -5
-9
What is (7 - 16 - -3) + 12 - (-1 - -18)?
-11
-15 + 7 - (-13 - (-3 + 0)) - -3
5
Evaluate 28 + -23 + (4 - -3).
12
(-4 - -3) + -15 + 19 + -10 + -17
-24
Calculate -26 - (15 - (11 + 37)).
7
What is 3 - (-9 + (7 - (7 - 8))) - 13?
-9
What is the value of -2 - (3 + 16 + -6 + -19)?
4
Calculate -7 + -17 + -6 + 21 - (-2 - -6).
-13
Evaluate -4 + 114 + -107 + 0 + 9 + 7.
19
Calculate 11 - ((7 + -3 - -7) + -21).
21
-3 + -1 + (-10 - 1) + 13 + 11
9
18 - (-6 - 0 - (18 - 43 - -12))
11
(-11 - -13) + -12 - (1 + -11 + -1)
1
Evaluate 0 - -3 - (38 + -29 - (1 - -4)).
-1
Calculate 9 - (-5 - 5 - -5 - (15 + -18)).
11
What is the value of 29 + -25 - (-10 + 2 - 10)?
22
Calculate 7 - (2 + 16 + -12).
1
Calculate 16 - (-2 + 8) - (3 + 2).
5
Calculate (18 - 0) + (-315 - -291).
-6
52 + -49 + (0 - -1) - (8 - 0)
-4
Calculate (-30 - -22 - -9) + 12.
13
Calculate (-8 - -14) + -17 - -19.
8
Calculate -9 + (23 - 13 - (-9 - -26 - 2)).
-14
4 - (-3 - -7 - (-7 + 8 - -3))
4
0 + 5 + -3 - (12 - 43 - -13)
20
Calculate 4 + -2 + (-13 - -21) + -7.
3
11 + (-27 - ((11 - (4 - -11)) + 9))
-21
What is 3 + (6 - (39 - 38 - (0 + 1)))?
9
Evaluate -3 + 7 + (-2 - 5 - -4).
1
Evaluate 11 - -7 - 23 - -10.
5
Calculate (-14 + 18 - 9) + 13.
8
Calculate 8 - 36 - (0 - (9 + (-5 - 0))).
-24
Calculate -21 + 26 + -7 - (31 - -1).
-34
What is (-1 - (-10 - -3)) + 11 + -17 + 1?
1
Calculate -6 + (6 - (11 - -2)) + 40.
27
Calculate -18 + -4 + -6 + 12.
-16
What is the value of -2 + -1 - ((297 - 308) + 0 + 5)?
3
What is -23 + (52 - 11) + -29?
-11
-5 - 2 - (4 + -12)
1
What is 10 + -2 - (-143 + 155)?
-4
Evaluate -8 + (-6 - (-27 + 6)) - 9 - -5.
3
What is (9 - (40 + 28)) + 40?
-19
What is the value of ((-4 - 1) + 9 - -8) + -18?
-6
What is 7 - (16 + (-19 - -5))?
5
Evaluate -33 + 27 + (-7 - -23) + 2 + -2.
10
Calculate (150 - 148 - (-1 + -7)) + -17.
-7
Calculate -12 - (-3 - -9 - 9 - (1 - 3)).
-11
Calculate -5 + -20 + 20 - -18 - -10.
23
Evaluate (0 - (5 - 2)) + (0 - -2).
-1
Evaluate -8 + -1 + (7 - (-25 - -31)) - -20.
12
Evaluate -18 + 2 + 0 - (-91 + 95).
-20
What is (1 - -1 - (-7 + (-16 - -25))) + 6?
6
7 + -6 - -3 - (23 + -27 + 22)
-14
Evaluate (1 - (12 - (-6 + 3))) + 24.
10
(-48 - (2 + -37)) + (-1 - (-2 - -1))
-13
(-6 - -22) + (11 - 5) + 14
36
Calculate 13 + (-11 - (-2 + -8)) + -1 + 3.
14
Evaluate -47 + 32 - (3 - 13).
-5
What is the value of (4 - (8 + -4)) + (0 - 7) + 1?
-6
Evaluate -27 - -16 - -7 - 3.
-7
What is 4 + -18 + 16 - 1?
1
Calculate (3 - 9 - 27) + -2 + 4.
-31
What is (-7 - -1) + (-61 - -35) + 34?
2
Evaluate 9 + 5 + -12 + -11.
-9
What is (5 - 11) + -1 + (1 - (1 - 1))?
-6
Evaluate 39 + 6 + -24 + -31.
-10
Evaluate -11 + (9 - ((7 - 0) + -1)).
-8
(9 - (6 + 3)) + 20
20
What is (-1 - (-12 + 2) - (14 - -2)) + 26?
19
Calculate -17 + (-14 - -25) + -9.
-15
-4 + 7 + (0 - -38) + -15
26
What is the value of -4 - (-14 - -6 - 8)?
12
Evaluate 3 + (-4 - -2) + (-16 - -10) + 7.
2
What is 595 - 579 - (-1 - -17)?
0